the highest common factor of o and u.
34
Let x be 1/7 - (64/(-80) + (-6932)/35). Calculate the highest common divisor of x and 17711.
199
Let k(f) = f**3 + 19*f**2 + 32*f - 522. Let v be k(-14). Calculate the greatest common factor of v and 12445.
5
Let i be (((-27)/(-4))/(-3))/(-33 + (-32469)/(-984)). Calculate the greatest common divisor of 205 and i.
41
Suppose -z = -4*z + 300 - 246. Calculate the highest common factor of z and 906.
6
Let g = -88 + 94. Suppose -5*v - 24337 + 24367 = 0. Calculate the highest common factor of g and v.
6
Suppose 0 = -d - d + 138. Suppose -5*i = -5*c - 145, 17*c - 109 = -5*i + 16*c. What is the highest common divisor of i and d?
23
Let n = 267 - 192. Let r = 757 + -751. What is the highest common divisor of r and n?
3
Let n(s) = 133*s - 3866. Let g be n(76). Calculate the highest common divisor of 4 and g.
2
Suppose -2*g + 5*t = -16158, -5*g + 2*t - 8052 = -6*g. What is the greatest common divisor of 32 and g?
32
Suppose -120 = 45*i - 53*i. Let v(r) = 6*r - 50. Let a be v(i). What is the highest common factor of 140 and a?
20
Let n(v) = 60*v**3 + 9*v**2 + v - 10. Let f be n(1). What is the highest common divisor of f and 5400?
60
Let u(w) = -30*w + 362. Let k be u(11). What is the greatest common divisor of 12 and k?
4
Let w(k) = 2*k**2 + 3*k - 1. Let y be w(-3). Suppose y*p + 88 = 12*p. Let v be 53*6/30 - (-4)/10. What is the highest common divisor of p and v?
11
Let t = 18 + -18. Suppose t = 15*k - 404 + 104. Calculate the highest common divisor of k and 12.
4
Suppose -5*l + 19576 = -3*m, m + 12465 = 5*l - 7127. Calculate the highest common factor of 120 and l.
40
Suppose 0 = 3*x - 68 - 382. Suppose -7*w + 774 + x = 0. Suppose -9*n + 780 = w. What is the highest common divisor of 9 and n?
9
Let r = 18 + -17. Let t be (22/18 - r) + 994/63. Let u be 1 + -1 + 7 + 41. Calculate the highest common divisor of u and t.
16
Let f = -774 + 578. Let b = -86 - 38. Let s = b - f. Calculate the highest common divisor of 18 and s.
18
Suppose -132*q + 9288 = 86*q - 46*q. Calculate the greatest common divisor of 4077 and q.
27
Let v(j) = 10*j**2 - 2455*j - 22893. Let b be v(-9). Let q(k) = -k + 6. Let w be q(0). Suppose 3*o - 3 = w. What is the highest common divisor of b and o?
3
Let i = -16 + 28. Let y(m) be the third derivative of -m**5/60 - 13*m**4/24 - 3*m**3 - 12*m**2. Let u be y(-10). What is the highest common divisor of i and u?
12
Suppose 7*m = 11*m + 28. Let h be (m + 0)*(4 - 7). Suppose -69 = -24*d + h*d. What is the highest common divisor of d and 23?
23
Suppose 138 = 31*v - 110. Let y = 4 + 3. Let q(t) = t**2 + t. Let d be q(y). What is the highest common factor of d and v?
8
Suppose -2*w = 5*p - 24044, 0 = 85*p - 88*p - 5*w + 14453. What is the greatest common divisor of p and 979?
89
Suppose 2*h - 55 = 3. Suppose -3*c - 2*q = -11, 5*q = c + 1 + 1. Suppose -c*i + 961 = -2*m, 0 = -2*m + 1 - 5. What is the greatest common factor of i and h?
29
Let w = 6494 - 6410. Calculate the greatest common divisor of w and 144.
12
Suppose 51 = -4*w - 2*t + 27, -w + 5*t + 27 = 0. Suppose 2*f = -3*f + 30. Let u be (-1)/w*(18 - f). What is the greatest common divisor of 10 and u?
2
Suppose 0 = 6*v - 4*v - 20. Let o(q) = -3*q + 4. Let w be o(v). Let a be (8/4 - w) + 0. Calculate the highest common divisor of 42 and a.
14
Suppose 1960*b + 378 = 1969*b. What is the greatest common factor of 1743 and b?
21
Let p be ((-24)/(-40))/((-2)/(-40)). Let s = -36 - -12. Let h = 54 + s. What is the greatest common divisor of h and p?
6
Suppose 0 = 5*t + 39 + 71. Let o be (-15)/((-14)/(-35) + t/(-20)). Let w(h) = -3*h + 1. Let l be w(o). Calculate the greatest common factor of 124 and l.
31
Suppose -169 = -6*m + 5*k + 136, k = 5. Let q be (-2)/(-5) + 23/5. Calculate the highest common divisor of q and m.
5
Let g be -190 + (8 - 3) - (1 - 0). Let k = g + 192. Calculate the highest common divisor of 2 and k.
2
Suppose 0 = 4*q - 5*t - 35 - 23, q - 4 = -4*t. Suppose 10*b - 3*b - 1071 = 0. Let i = b + -129. Calculate the highest common divisor of i and q.
12
Let r(f) = -114*f - 1626. Let n be r(-70). What is the highest common divisor of 30 and n?
6
Let i(x) be the third derivative of -7*x**4/24 + 45*x**3 + x**2 - 95. Let j be i(0). What is the highest common divisor of 20 and j?
10
Let p = 3220 + -3200. Calculate the highest common factor of p and 75.
5
Suppose 76 - 128 = -4*s. Let g be 11 + -15 + 1 + s. Calculate the greatest common divisor of 130 and g.
10
Let y be (-9)/((2/1)/(-10)). Suppose -243 = -y*q + 9702. Calculate the highest common divisor of 13 and q.
13
Let k be (4*(2 - 11))/(63/(-168)). Suppose -k = -36*b + 33*b. Calculate the highest common factor of b and 608.
32
Let l(w) = -w**3 - 22*w**2 - 19*w + 46. Let o be l(-21). Suppose 5*y - 561 = -3*u, -y - 199 - 572 = -o*u. What is the greatest common divisor of 24 and u?
24
Let f be 6/(-30) - (126/(-5) - (12 + -17)). What is the highest common factor of f and 490?
10
Suppose x + 262*w = 257*w + 309, -w = -5*x + 1649. Calculate the greatest common divisor of 188 and x.
47
Suppose 2*p = -0*p + 8. Suppose -p*q = -5*q - 2*c - 2, 0 = q - 2*c - 14. Let a = -2416 + 2419. What is the greatest common factor of a and q?
3
Let d(o) = 445*o + 2243. Let r be d(-5). What is the highest common factor of 88 and r?
2
Let m be (-8)/((-19)/(114/(-20)))*5/(-2). Calculate the highest common factor of m and 633.
3
Let z(t) = -5*t**2 + 60*t + 161. Let a be z(12). Let m = -17 - -24. Calculate the highest common factor of a and m.
7
Let w be (24/28)/(4/28). Suppose -r = 2*r - w, -4*r = -5*m + 202. Calculate the greatest common divisor of m and 63.
21
Suppose -10 = -3*a + 5. Let o be 47 - (-22 - (-72)/8). Calculate the highest common divisor of a and o.
5
Let v be 24 + 21 - 108/6. Let l be ((-84)/(-3) - 2) + 1. What is the highest common factor of l and v?
27
Suppose 1539*v = 118453 + 221666. Let n = 20 + -7. What is the greatest common factor of v and n?
13
Let x be -10 + 1 - (12 + (-17 - 236)). Calculate the greatest common divisor of x and 1740.
116
Let a(l) = -9*l**2 + 17*l + 21*l + 35*l**2 + 11*l - 47*l. Let x(w) = w. Let c be x(1). Let y be a(c). Calculate the greatest common factor of 4 and y.
4
Let q be (-10 + 12)*(-1)/(-2). Let v be q/1*(-16 - -15) + 13. Let w be (-2)/(-1 - (-53)/54). What is the greatest common factor of w and v?
12
Suppose -58*o + 54*o = -3*n + 288, 122 = n + 3*o. What is the highest common divisor of 754 and n?
26
Let t = 14 + 18. Let h be ((-5)/((-100)/135))/(6/t). Calculate the greatest common divisor of h and 9.
9
Let g = 373 + -305. Suppose 120 = 5*o - 5*f, -10*o - g = -13*o + 4*f. Calculate the greatest common divisor of 28 and o.
28
Let t be 2/(-6) - 625002/(-126). What is the highest common divisor of 320 and t?
160
Let l(v) = 16*v**2 + 2*v + 1. Let b be ((-26)/(-65))/(2/20*4). Let c be l(b). Calculate the greatest common divisor of c and 2.
1
Let p be 16/(-96)*-1311*(-1 + 7). What is the greatest common factor of 253 and p?
23
Let t = 27 + 3. Let b be (1/(-4))/(11/220). Let l be 3 + 18 + -1 + b. What is the greatest common factor of l and t?
15
Let c = 15420 + -2440. Calculate the highest common factor of c and 275.
55
Let x = -47579 + 47931. What is the greatest common factor of x and 1280?
32
Suppose -81 = -3*j + 21. Let b = 389 - 264. Let t = b - 74. What is the highest common factor of t and j?
17
Suppose -35*o + 9713 - 188 = -10*o. Calculate the highest common divisor of o and 7493.
127
Let h(o) = 26*o + 59. Let v be h(-4). Let q = 56 + v. Let n(k) = -7*k - 6. Let p be n(-4). What is the highest common divisor of q and p?
11
Let p = -284 + 304. Suppose 377 + 903 = p*c. Calculate the highest common divisor of c and 96.
32
Let s = 36 + -33. Suppose 96 = s*k - 3*i, i - 2*i - 160 = -5*k. Calculate the greatest common divisor of 2 and k.
2
Suppose 0 = -11*a - 39 + 105. Let j = -74 + 94. Calculate the highest common divisor of a and j.
2
Suppose -4*u + 50 = -7*t + 10*t, 5*t - 45 = u. Let j(d) = -47*d + 2. Let w be j(-4). Calculate the highest common factor of t and w.
10
Let r(s) be the first derivative of -s**2 - 49*s + 55. Let g be 4/((-8)/25)*2. Let h be r(g). What is the greatest common factor of 4 and h?
1
Suppose -w - 9 = 3*z, 4*z - 5*z = 3*w - 5. Let h(q) = 11*q**2 -